{"id":418,"date":"2024-01-17T13:18:58","date_gmt":"2024-01-17T12:18:58","guid":{"rendered":"https:\/\/cellersblanch.marketingpastor.es\/?page_id=418"},"modified":"2024-02-12T15:00:47","modified_gmt":"2024-02-12T14:00:47","slug":"cookies","status":"publish","type":"page","link":"https:\/\/cellersblanch.marketingpastor.es\/index.php\/cookies\/","title":{"rendered":"Cookies"},"content":{"rendered":"\n<h2 class=\"wp-block-heading\"><strong>RESERVA DE COOKIES<\/strong><\/h2>\n\n\n\n<p>Una Cookie \u00e9s un fitxer que es descarrega en el seu ordinador en accedir a determinades p\u00e0gines web. Les cookies permeten a una p\u00e0gina web, entre altres coses, emmagatzemar i recuperar informaci\u00f3 sobre els h\u00e0bits de navegaci\u00f3 d&#8217;un usuari o del seu equip i, depenent de la informaci\u00f3 que contingui i de la forma en qu\u00e8 utilitzi el seu equip, poden utilitzar-se per a recon\u00e8ixer a l&#8217;usuari.<br>Les cookies s\u00f3n essencials per al funcionament d&#8217;internet, aportant innombrables avantatges en la prestaci\u00f3 de serveis interactius, facilitant-li la navegaci\u00f3 i usabilitat de la nostra web<\/p>\n\n\n\n<p>La informaci\u00f3 que li proporcionem a continuaci\u00f3, l&#8217;ajudar\u00e0 a comprendre els diferents tipus de cookies:<\/p>\n\n\n\n<figure class=\"wp-block-image size-full\"><img decoding=\"async\" src=\"https:\/\/transolexteriors.com\/wp-content\/uploads\/2023\/11\/image.png\" alt=\"\" class=\"wp-image-3262\"\/><\/figure>\n\n\n\n<p>Segons el que es disposa en l&#8217;article 22.2 de la Llei 34\/2002, d&#8217;11 de juliol, de Serveis de la Societat de la Informaci\u00f3 i de Comer\u00e7 Electr\u00f2nic (LSSI-CE), MARIA ROSA BLANCH SALESAS informa de les cookies utilitzades en nostra website:<\/p>\n\n\n\n<figure class=\"wp-block-image size-large\"><img decoding=\"async\" src=\"https:\/\/transolexteriors.com\/wp-content\/uploads\/2023\/11\/image-1-1024x456.png\" alt=\"\" class=\"wp-image-3263\"\/><\/figure>\n\n\n\n<p>Aix\u00ed mateix, MARIA ROSA BLANCH SALESAS informa l&#8217;usuari que t\u00e9 la possibilitat de configurar el seu navegador de manera que se l&#8217;informi de la recepci\u00f3 de cookies, podent, si aix\u00ed ho desitja, impedir que siguin instal\u00b7lades en el seu disc dur.<\/p>\n\n\n\n<p>A continuaci\u00f3 li proporcionem els enlla\u00e7os de diversos navegadors, a trav\u00e9s dels quals podr\u00e0 realitzar aquesta configuraci\u00f3:<\/p>\n\n\n\n<p><strong><em>Firefox des d&#8217;<a href=\"http:\/\/support.mozilla.org\/es\/kb\/habilitar-y-deshabilitar-cookies-que-los-sitios-we\" target=\"_blank\" rel=\"noreferrer noopener\">aqu\u00ed.<\/a><\/em><\/strong><br><strong><em>Chrome des d&#8217;<a href=\"http:\/\/support.google.com\/chrome\/bin\/answer.py?hl=es&amp;answer=95647\" target=\"_blank\" rel=\"noreferrer noopener\">aqu\u00ed.<\/a><\/em><\/strong><br><strong><em>Explorer des d&#8217;<a href=\"http:\/\/windows.microsoft.com\/es-es\/internet-explorer\/delete-manage-cookies#ie=ie-10\" target=\"_blank\" rel=\"noreferrer noopener\">aqu\u00ed.<\/a><\/em><\/strong><br><strong><em>Safari des de <a href=\"http:\/\/support.apple.com\/kb\/ph5042\" target=\"_blank\" rel=\"noreferrer noopener\">aqui.<\/a><\/em><\/strong><br><strong><em>Opera des d&#8217;<a href=\"http:\/\/help.opera.com\/Windows\/11.50\/es-ES\/cookies.html\" target=\"_blank\" rel=\"noreferrer noopener\">aqu\u00ed.<\/a><\/em><\/strong><\/p>\n","protected":false},"excerpt":{"rendered":"<p>RESERVA DE COOKIES Una Cookie \u00e9s un fitxer que es descarrega en el seu ordinador en accedir a determinades p\u00e0gines web. Les cookies permeten a una p\u00e0gina web, entre altres coses, emmagatzemar i recuperar informaci\u00f3 sobre els h\u00e0bits de navegaci\u00f3 d&#8217;un usuari o del seu equip i, depenent de la informaci\u00f3 que contingui i de&hellip;&nbsp;<a href=\"https:\/\/cellersblanch.marketingpastor.es\/index.php\/cookies\/\" class=\"\" rel=\"bookmark\">Read More &raquo;<span class=\"screen-reader-text\">Cookies<\/span><\/a><\/p>\n","protected":false},"author":1,"featured_media":0,"parent":0,"menu_order":0,"comment_status":"closed","ping_status":"closed","template":"","meta":{"_uag_custom_page_level_css":"","neve_meta_sidebar":"","neve_meta_container":"","neve_meta_enable_content_width":"","neve_meta_content_width":0,"neve_meta_title_alignment":"","neve_meta_author_avatar":"","neve_post_elements_order":"","neve_meta_disable_header":"off","neve_meta_disable_footer":"","neve_meta_disable_title":"off","footnotes":""},"yoast_head":"<!-- This site is optimized with the Yoast SEO plugin v23.3 - https:\/\/yoast.com\/wordpress\/plugins\/seo\/ -->\n<title>Cookies - Cellers Blanch<\/title>\n<meta name=\"robots\" content=\"index, follow, max-snippet:-1, max-image-preview:large, max-video-preview:-1\" \/>\n<link rel=\"canonical\" href=\"https:\/\/cellersblanch.marketingpastor.es\/index.php\/cookies\/\" \/>\n<meta property=\"og:locale\" content=\"en_US\" \/>\n<meta property=\"og:type\" content=\"article\" \/>\n<meta property=\"og:title\" content=\"Cookies - Cellers Blanch\" \/>\n<meta property=\"og:description\" content=\"RESERVA DE COOKIES Una Cookie \u00e9s un fitxer que es descarrega en el seu ordinador en accedir a determinades p\u00e0gines web. Les cookies permeten a una p\u00e0gina web, entre altres coses, emmagatzemar i recuperar informaci\u00f3 sobre els h\u00e0bits de navegaci\u00f3 d&#8217;un usuari o del seu equip i, depenent de la informaci\u00f3 que contingui i de&hellip;&nbsp;Read More &raquo;Cookies\" \/>\n<meta property=\"og:url\" content=\"https:\/\/cellersblanch.marketingpastor.es\/index.php\/cookies\/\" \/>\n<meta property=\"og:site_name\" content=\"Cellers Blanch\" \/>\n<meta property=\"article:modified_time\" content=\"2024-02-12T14:00:47+00:00\" \/>\n<meta property=\"og:image\" content=\"https:\/\/transolexteriors.com\/wp-content\/uploads\/2023\/11\/image.png\" \/>\n<meta name=\"twitter:card\" content=\"summary_large_image\" \/>\n<meta name=\"twitter:label1\" content=\"Est. reading time\" \/>\n\t<meta name=\"twitter:data1\" content=\"2 minutes\" \/>\n<script type=\"application\/ld+json\" class=\"yoast-schema-graph\">{\"@context\":\"https:\/\/schema.org\",\"@graph\":[{\"@type\":\"WebPage\",\"@id\":\"https:\/\/cellersblanch.marketingpastor.es\/index.php\/cookies\/\",\"url\":\"https:\/\/cellersblanch.marketingpastor.es\/index.php\/cookies\/\",\"name\":\"Cookies - Cellers Blanch\",\"isPartOf\":{\"@id\":\"https:\/\/cellersblanch.marketingpastor.es\/#website\"},\"primaryImageOfPage\":{\"@id\":\"https:\/\/cellersblanch.marketingpastor.es\/index.php\/cookies\/#primaryimage\"},\"image\":{\"@id\":\"https:\/\/cellersblanch.marketingpastor.es\/index.php\/cookies\/#primaryimage\"},\"thumbnailUrl\":\"https:\/\/transolexteriors.com\/wp-content\/uploads\/2023\/11\/image.png\",\"datePublished\":\"2024-01-17T12:18:58+00:00\",\"dateModified\":\"2024-02-12T14:00:47+00:00\",\"breadcrumb\":{\"@id\":\"https:\/\/cellersblanch.marketingpastor.es\/index.php\/cookies\/#breadcrumb\"},\"inLanguage\":\"en-US\",\"potentialAction\":[{\"@type\":\"ReadAction\",\"target\":[\"https:\/\/cellersblanch.marketingpastor.es\/index.php\/cookies\/\"]}]},{\"@type\":\"ImageObject\",\"inLanguage\":\"en-US\",\"@id\":\"https:\/\/cellersblanch.marketingpastor.es\/index.php\/cookies\/#primaryimage\",\"url\":\"https:\/\/transolexteriors.com\/wp-content\/uploads\/2023\/11\/image.png\",\"contentUrl\":\"https:\/\/transolexteriors.com\/wp-content\/uploads\/2023\/11\/image.png\"},{\"@type\":\"BreadcrumbList\",\"@id\":\"https:\/\/cellersblanch.marketingpastor.es\/index.php\/cookies\/#breadcrumb\",\"itemListElement\":[{\"@type\":\"ListItem\",\"position\":1,\"name\":\"Portada\",\"item\":\"https:\/\/cellersblanch.marketingpastor.es\/\"},{\"@type\":\"ListItem\",\"position\":2,\"name\":\"Cookies\"}]},{\"@type\":\"WebSite\",\"@id\":\"https:\/\/cellersblanch.marketingpastor.es\/#website\",\"url\":\"https:\/\/cellersblanch.marketingpastor.es\/\",\"name\":\"Cellers Blanch\",\"description\":\"\",\"publisher\":{\"@id\":\"https:\/\/cellersblanch.marketingpastor.es\/#organization\"},\"potentialAction\":[{\"@type\":\"SearchAction\",\"target\":{\"@type\":\"EntryPoint\",\"urlTemplate\":\"https:\/\/cellersblanch.marketingpastor.es\/?s={search_term_string}\"},\"query-input\":\"required name=search_term_string\"}],\"inLanguage\":\"en-US\"},{\"@type\":\"Organization\",\"@id\":\"https:\/\/cellersblanch.marketingpastor.es\/#organization\",\"name\":\"Cellers Blanch\",\"url\":\"https:\/\/cellersblanch.marketingpastor.es\/\",\"logo\":{\"@type\":\"ImageObject\",\"inLanguage\":\"en-US\",\"@id\":\"https:\/\/cellersblanch.marketingpastor.es\/#\/schema\/logo\/image\/\",\"url\":\"\",\"contentUrl\":\"\",\"caption\":\"Cellers Blanch\"},\"image\":{\"@id\":\"https:\/\/cellersblanch.marketingpastor.es\/#\/schema\/logo\/image\/\"}}]}<\/script>\n<!-- \/ Yoast SEO plugin. -->","yoast_head_json":{"title":"Cookies - Cellers Blanch","robots":{"index":"index","follow":"follow","max-snippet":"max-snippet:-1","max-image-preview":"max-image-preview:large","max-video-preview":"max-video-preview:-1"},"canonical":"https:\/\/cellersblanch.marketingpastor.es\/index.php\/cookies\/","og_locale":"en_US","og_type":"article","og_title":"Cookies - Cellers Blanch","og_description":"RESERVA DE COOKIES Una Cookie \u00e9s un fitxer que es descarrega en el seu ordinador en accedir a determinades p\u00e0gines web. Les cookies permeten a una p\u00e0gina web, entre altres coses, emmagatzemar i recuperar informaci\u00f3 sobre els h\u00e0bits de navegaci\u00f3 d&#8217;un usuari o del seu equip i, depenent de la informaci\u00f3 que contingui i de&hellip;&nbsp;Read More &raquo;Cookies","og_url":"https:\/\/cellersblanch.marketingpastor.es\/index.php\/cookies\/","og_site_name":"Cellers Blanch","article_modified_time":"2024-02-12T14:00:47+00:00","og_image":[{"url":"https:\/\/transolexteriors.com\/wp-content\/uploads\/2023\/11\/image.png"}],"twitter_card":"summary_large_image","twitter_misc":{"Est. reading time":"2 minutes"},"schema":{"@context":"https:\/\/schema.org","@graph":[{"@type":"WebPage","@id":"https:\/\/cellersblanch.marketingpastor.es\/index.php\/cookies\/","url":"https:\/\/cellersblanch.marketingpastor.es\/index.php\/cookies\/","name":"Cookies - Cellers Blanch","isPartOf":{"@id":"https:\/\/cellersblanch.marketingpastor.es\/#website"},"primaryImageOfPage":{"@id":"https:\/\/cellersblanch.marketingpastor.es\/index.php\/cookies\/#primaryimage"},"image":{"@id":"https:\/\/cellersblanch.marketingpastor.es\/index.php\/cookies\/#primaryimage"},"thumbnailUrl":"https:\/\/transolexteriors.com\/wp-content\/uploads\/2023\/11\/image.png","datePublished":"2024-01-17T12:18:58+00:00","dateModified":"2024-02-12T14:00:47+00:00","breadcrumb":{"@id":"https:\/\/cellersblanch.marketingpastor.es\/index.php\/cookies\/#breadcrumb"},"inLanguage":"en-US","potentialAction":[{"@type":"ReadAction","target":["https:\/\/cellersblanch.marketingpastor.es\/index.php\/cookies\/"]}]},{"@type":"ImageObject","inLanguage":"en-US","@id":"https:\/\/cellersblanch.marketingpastor.es\/index.php\/cookies\/#primaryimage","url":"https:\/\/transolexteriors.com\/wp-content\/uploads\/2023\/11\/image.png","contentUrl":"https:\/\/transolexteriors.com\/wp-content\/uploads\/2023\/11\/image.png"},{"@type":"BreadcrumbList","@id":"https:\/\/cellersblanch.marketingpastor.es\/index.php\/cookies\/#breadcrumb","itemListElement":[{"@type":"ListItem","position":1,"name":"Portada","item":"https:\/\/cellersblanch.marketingpastor.es\/"},{"@type":"ListItem","position":2,"name":"Cookies"}]},{"@type":"WebSite","@id":"https:\/\/cellersblanch.marketingpastor.es\/#website","url":"https:\/\/cellersblanch.marketingpastor.es\/","name":"Cellers Blanch","description":"","publisher":{"@id":"https:\/\/cellersblanch.marketingpastor.es\/#organization"},"potentialAction":[{"@type":"SearchAction","target":{"@type":"EntryPoint","urlTemplate":"https:\/\/cellersblanch.marketingpastor.es\/?s={search_term_string}"},"query-input":"required name=search_term_string"}],"inLanguage":"en-US"},{"@type":"Organization","@id":"https:\/\/cellersblanch.marketingpastor.es\/#organization","name":"Cellers Blanch","url":"https:\/\/cellersblanch.marketingpastor.es\/","logo":{"@type":"ImageObject","inLanguage":"en-US","@id":"https:\/\/cellersblanch.marketingpastor.es\/#\/schema\/logo\/image\/","url":"","contentUrl":"","caption":"Cellers Blanch"},"image":{"@id":"https:\/\/cellersblanch.marketingpastor.es\/#\/schema\/logo\/image\/"}}]}},"jetpack_sharing_enabled":true,"uagb_featured_image_src":{"full":false,"thumbnail":false,"medium":false,"medium_large":false,"large":false,"1536x1536":false,"2048x2048":false,"neve-blog":false,"woocommerce_thumbnail":false,"woocommerce_single":false,"woocommerce_gallery_thumbnail":false},"uagb_author_info":{"display_name":"pastorpublicidad","author_link":"https:\/\/cellersblanch.marketingpastor.es\/index.php\/author\/pastorpublicidad\/"},"uagb_comment_info":0,"uagb_excerpt":"RESERVA DE COOKIES Una Cookie \u00e9s un fitxer que es descarrega en el seu ordinador en accedir a determinades p\u00e0gines web. Les cookies permeten a una p\u00e0gina web, entre altres coses, emmagatzemar i recuperar informaci\u00f3 sobre els h\u00e0bits de navegaci\u00f3 d&#8217;un usuari o del seu equip i, depenent de la informaci\u00f3 que contingui i de&hellip;&nbsp;Read&hellip;","_links":{"self":[{"href":"https:\/\/cellersblanch.marketingpastor.es\/index.php\/wp-json\/wp\/v2\/pages\/418"}],"collection":[{"href":"https:\/\/cellersblanch.marketingpastor.es\/index.php\/wp-json\/wp\/v2\/pages"}],"about":[{"href":"https:\/\/cellersblanch.marketingpastor.es\/index.php\/wp-json\/wp\/v2\/types\/page"}],"author":[{"embeddable":true,"href":"https:\/\/cellersblanch.marketingpastor.es\/index.php\/wp-json\/wp\/v2\/users\/1"}],"replies":[{"embeddable":true,"href":"https:\/\/cellersblanch.marketingpastor.es\/index.php\/wp-json\/wp\/v2\/comments?post=418"}],"version-history":[{"count":4,"href":"https:\/\/cellersblanch.marketingpastor.es\/index.php\/wp-json\/wp\/v2\/pages\/418\/revisions"}],"predecessor-version":[{"id":499,"href":"https:\/\/cellersblanch.marketingpastor.es\/index.php\/wp-json\/wp\/v2\/pages\/418\/revisions\/499"}],"wp:attachment":[{"href":"https:\/\/cellersblanch.marketingpastor.es\/index.php\/wp-json\/wp\/v2\/media?parent=418"}],"curies":[{"name":"wp","href":"https:\/\/api.w.org\/{rel}","templated":true}]}}